z + 20. Give d(10).
10
Suppose -194*q - 28 = -190*q. Let g(u) = u**2 + 11*u + 30. Determine g(q).
2
Let b(d) = d**2 + d - 1. Let z be 6/(-4) + (-159)/(-6). Let s = z + -28. What is b(s)?
5
Suppose -3*d - 3*c - 21 = -5*d, 3*c + 15 = 0. Let b(g) = -1 + 10*g + g**2 + d*g + 7*g - 16*g. Give b(-5).
4
Let r(d) = 4*d**3 - 5*d**2 - 5*d + 4. Let j(z) = -4*z**3 + 6*z**2 + 6*z - 5. Let w(y) = 4*j(y) + 5*r(y). Suppose 4 = 25*x - 29*x. Determine w(x).
-4
Let z = 0 - -2. Let l(n) = -2*n - 3*n**2 + 5*n**z - n**2 + 4*n. Let c = -26 + 24. Calculate l(c).
0
Let s(n) = -n**2 + 3*n + 3. Let l be 27/6*32/6. Let t = -85 - -64. Let q = l + t. What is s(q)?
3
Let v(n) = -4*n**3 + n**2 - n - 1. Let g be v(-1). Let z(p) = -17*p**3 - 6*p**2 + 5*p. Let w(f) = -3*f**3 + 1. Let b(u) = -6*w(u) + z(u). Calculate b(g).
-6
Let f(w) = -4*w - 23. Let t be 152/(-25) + (-184)/(-2300). What is f(t)?
1
Let n(k) be the second derivative of k**4/12 + 5*k**3/6 - 9*k**2/2 + 39*k + 2. Let g = 8 - 15. Calculate n(g).
5
Let j(z) = 5*z**2 + z**3 + 8218*z - 8218*z - 3. Let p = 4 - 8. Let u be 2/p*8/1. What is j(u)?
13
Let h be 6*(-4)/8 + -7. Let t(w) = -w**2 - 11*w - 4. Let c be t(h). Let j(n) = -n**3 + 5*n**2 + 6*n - 5. Calculate j(c).
-5
Let a(w) = -1 + 89*w - 90*w + 3. Give a(-5).
7
Let f(p) be the first derivative of p**5/10 - p**4/6 - p**3/6 - p**2/2 + 14*p + 2. Let b(j) be the first derivative of f(j). Calculate b(2).
5
Let c(q) = -q**3 + 8*q**2 + 4*q - 7. Let s be c(6). Let x(u) = 2 + 5 + s*u - 88*u. Give x(0).
7
Let u(b) be the first derivative of 1/2*b**2 + 2 - 9*b. Let h = 363 - 359. Calculate u(h).
-5
Suppose 0 = -76*f + 75*f. Let m be (-5)/((-10)/4)*3. Let p(y) = m + 7 + y - 4. What is p(f)?
9
Let v(y) = -22873*y**2 - 6 - 21 + 42*y + 22871*y**2. Calculate v(20).
13
Suppose 4*k - p + 37 = 49, 0 = -3*k + 2*p + 4. Let l(f) = -3*f + 4. Determine l(k).
-8
Let u(n) = 8*n - 4*n - 4*n**2 + 747 - 749. Let g = -3 + 5. Calculate u(g).
-10
Let h(z) = -6*z - 4. Let k(a) = 1. Let c(d) = 5*d. Let b(f) = -c(f) - 3*k(f). Let j = 51 + -56. Let i(s) = j*b(s) + 4*h(s). Give i(3).
2
Let o(x) be the first derivative of -x**4/4 - 5*x**3/3 + 7*x**2/2 - 5*x + 562. Give o(-6).
-11
Let d(v) = v - 2 + 12*v**2 - 13*v**2 + 2*v - 6*v. Give d(-2).
0
Let j(m) be the third derivative of 1/120*m**6 + 0 - 1/3*m**3 + 9*m**2 - 1/8*m**4 + 0*m + 1/60*m**5. Suppose -3*s = -s + 4. Determine j(s).
0
Suppose -21*p + 112 = 7*p. Let m(d) = 2*d**2 - 3*d + 5. Calculate m(p).
25
Let x(w) = -54 - 45 + w**2 + 9*w - 58 + 167. Suppose -3*p - 3*y + 27 = -6*p, -p - y - 7 = 0. What is x(p)?
2
Let m be (-1 - 1)*4/8. Let q(z) = -4*z + 3. Let k(r) = r - 4 + r - 3*r + 6*r. Let a(c) = -3*k(c) - 4*q(c). Determine a(m).
-1
Let b(p) = -p**3 - 5*p**2 - 3*p + 2. Suppose 2*n + 3*n - 2*y - 37 = 0, -4*n = 3*y - 25. Suppose -n*s - 44 = 4*s. Give b(s).
-2
Suppose 0 = -2*k + 20. Let h be -13 + k - 3*-2. Suppose 2*s - 5 = -h*s. Let g(b) = b**3 - 2*b**2 + b. Determine g(s).
0
Let k(b) be the third derivative of b**5/60 + b**4/6 + b**3/3 + 11*b**2 - 4*b. Calculate k(-4).
2
Let o(s) = 494*s + 1 - 248*s - 250*s + 4. Give o(-6).
29
Let b(c) = c**3 + 4*c**2 + 2*c + 3. Let x be b(-4). Let d(q) = -13 + 157*q - 6*q**2 - 305*q - q**3 + 19 + 146*q. Give d(x).
-9
Let a = 11 - 11. Suppose -3*x - 2*t + 5 = 0, 4*x + 2*t - 6 + 0 = a. Let g(o) = -10*o + 0 + 8*o - x - 2*o**2. Give g(-1).
-1
Let j(c) = -3*c**2 + 21*c**3 - c - 3270 + c**2 + 3271 + c. Suppose 0*l - 5 = -5*l. Calculate j(l).
20
Let p = -31 + 35. Let n(j) = 2*j**2 + j**2 + 0 - p - j**3 + 3. What is n(3)?
-1
Let a(n) = -2*n + 17. Let x(i) = 5*i - 49. Let p(h) = 8*a(h) + 3*x(h). Determine p(7).
-18
Let c(s) = -s**3 + 1. Let f(v) = -v**3 + 30*v**2 - 29*v. Let p be f(29). Determine c(p).
1
Let m = 2 - 2. Let j = m + 5. Let s(g) = g**3 + 3*g**2 + g - 3. Let o(p) = -p**3 + p**2 + 1. Let d(h) = 2*o(h) + s(h). Give d(j).
4
Let z(o) = o**3 + 3*o**2 + o. Let r be (6/5)/(15/50). Let y = r - 0. Suppose -y*d - 1 = -5*i + 1, -2*i + 4*d = -8. Determine z(i).
2
Let g(y) = 7*y**2 - 2*y + 7. Let b(k) = 11*k**2 - 3*k + 11. Let n(v) = -5*b(v) + 8*g(v). What is n(1)?
1
Let j(o) = -3*o - 1. Let g be j(1). Let a = 13 - -6. Let z(b) = 18*b**3 - 3*b**2 + 7*b - 3 - 2*b - a*b**3. Calculate z(g).
-7
Let a(m) be the second derivative of -m**7/840 - m**6/72 + m**5/24 - m**4/6 + 11*m**3/6 - 17*m. Let f(q) be the second derivative of a(q). Determine f(-6).
2
Suppose n + 3*s = 8, -4*s + 7*s - 7 = -2*n. Let g(c) = 4*c**2 - 3*c**2 + c - 5*c**3 + c**2. Determine g(n).
6
Let i(x) = -3*x - 5. Let c be i(-4). Suppose 6*r - c*r = -1. Let m(u) = -2*u**2 - 7*u - 2. Let a(k) = k. Let v(y) = r*m(y) + 4*a(y). Give v(-2).
-4
Suppose 33 = 4*q - 5*k, 4*q + 4*k + 7 = -5. Let l(d) be the third derivative of 6*d**q - 1/24*d**4 + 1/2*d**3 + 0*d + 0. What is l(4)?
-1
Let u(r) = 4*r - 3*r - 6*r + 4*r. Let g = 1823 + -1820. Determine u(g).
-3
Let d(c) = -c**3 - 7*c**2 - 3*c - 3. Suppose -90*p = -67*p + 161. What is d(p)?
18
Let l(k) = 2*k**2 - 17*k + 13. Let m = -793 - -804. Calculate l(m).
68
Let l(s) be the second derivative of s**5/20 + s**3/3 + s**2/2 - 8*s + 1. What is l(-1)?
-2
Let y(f) = f**2 + 4*f - 4. Let s = 101 + -104. Determine y(s).
-7
Let r(t) be the first derivative of -3*t**2 - t - 347. Determine r(4).
-25
Suppose 0 = 4*p - y + 3, -2*y = -3*p - 2*p. Let c be 0/(2 - 1) - p. Suppose 0 = -2*o + c. Let v(n) = -2*n**2 - 1. Calculate v(o).
-3
Let q(g) = 16*g + 34. Let c be q(16). Let m(u) = u**2 + 287 + u - 8*u - c. What is m(7)?
-3
Let j(a) be the second derivative of -a**3/6 - 3*a**2 - 4*a. Let s be j(-13). Let z(b) = b**2 - 8*b + 10. Give z(s).
3
Let h(f) = f**2 - 4*f - 1. Let d = 173 + -170. What is h(d)?
-4
Let q(x) = -3*x + 36. Suppose 112*r = 100*r + 216. Give q(r).
-18
Let u(j) = 4*j**2 - j. Let v be -4 - (4 + -4) - (1 + -4). Determine u(v).
5
Let l(j) be the third derivative of 0 + j**3 + 1/120*j**6 + 1/60*j**5 + 0*j**4 + 0*j + 15*j**2. What is l(0)?
6
Let m(c) = -c**3 + 4*c**2 - 2*c - 2. Suppose 0 = 2*b + b. Suppose b*z - 4 = -2*z. What is m(z)?
2
Let o = -19 + 22. Let m(b) be the first derivative of -4/3*b**3 - 2*b + b**2 - 2 + 1/4*b**4. What is m(o)?
-5
Suppose -8*q + 50 - 18 = 0. Let m(c) be the third derivative of 0 - 2/3*c**3 + 1/120*c**6 + 1/10*c**5 + 0*c + 0*c**q + 11*c**2. Determine m(-6).
-4
Let y(h) = -22*h**3 + 51*h**2 - 52*h - 8. Let g(x) = 5*x**3 - 13*x**2 + 13*x + 2. Let o(m) = -9*g(m) - 2*y(m). Give o(14).
12
Let n(g) = 3*g - 2*g + 13 - 7. Let k = -3 + 17. Let h be (-1 - k/(-4))*-2. Calculate n(h).
1
Let x(w) = -1. Let a(m) = -3*m - 25. Let p(h) = a(h) - 5*x(h). Calculate p(-8).
4
Let y(l) = -5*l - 17. Let v be y(-4). Let o(p) = 5 + p - 7 + v - 4*p. Calculate o(-1).
4
Let q = -23 + 47. Suppose 3*o + o + q = 0. Let r(i) = -5*i - 1. Let c(k) = -4*k - 1. Let n(a) = o*c(a) + 5*r(a). Give n(2).
-1
Let l(d) = -d**3 + 8 + 2 + 2*d**3 - 12*d**2 - 5*d - 2*d**3 + 6*d. Give l(-12).
-2
Let t(w) = -w**2 + 6*w - 5. Let s = -41 - -43. Let o be (s + 0)/(39/78). Determine t(o).
3
Let p(c) = 2*c + 4. Let s = 173 + -165. Calculate p(s).
20
Suppose 0 = -8*c + 7*c - 2. Let l be c/(-12) - 7/42. Let x(p) = -p**2 + 17. Give x(l).
17
Let u(m) = -m**3 - 5*m**2 + 7*m + 11. Suppose 4*h + 30 = -22*y + 25*y, 0 = 3*h - 3*y + 24. Calculate u(h).
5
Let m(a) be the third derivative of -5*a**4/24 - a**3/6 - 74*a**2. Give m(3).
-16
Let n be (-9)/(-27)*(-5 + 2). Let c(s) = 17*s**2 - 2*s - 2. Determine c(n).
17
Let p(d) = 4*d**3 - d**2 + 11*d - 1. Let h(n) = -5*n**3 - 12*n. Let i(w) = -5*h(w) - 6*p(w). Suppose -1 - 265 = 38*q. Calculate i(q).
-1
Let f(d) = 2 - 17*d**2 - 13*d**2 - 22*d**2 + 54*d**2 - 4 - 3*d. Let y = -9 + 12. Calculate f(y).
7
Let s(j) be the first derivative of j**2 - j - 15. Let n be (-1)/((-3)/18*2). Suppose 3 = -2*m - n. Determine s(m).
-7
Let f(k) = k**3 - 3*k**2 - 3*k - 4. Let v(r) = 2 + 2 + 4 + 8 - r. Let o be v(17). Let u be (o - 5)*(-4)/6. What is f(u)?
0
Let y(i) = 26*i - 2 + i**2 + 19 + 7 - 2. Let s be y(-25). Let h(g) = -6*g + 1 + 4*g + 0*g + 3. Determine h(s).
10
Let a(o) = -2*o - o**2 + 24 - 26 - 7*o. Let g(u) = -u - 1. Let r be g(9). Let z be (45/r)/(6/8). Calculate a(z).
16
Let n = -160 + 156. Let s(z) be the first derivative of z**3/3 + 5*z**2/2 + 1. Let w be s(n). Let l(a) = -a**2 - 5*a - 4. Give l(w).
0
Let h be (-1)/(6/(-2))